isor of 2 and b.
2
Suppose -6 = 3*o - 36. Suppose 12 = -3*a - 3*f, 0 = 4*a - 8*a - 2*f - 10. Let m be ((-8)/5)/(a/50). Calculate the highest common divisor of o and m.
10
Let s(k) = k**3 + 11*k**2 - 15*k + 80. Let j be s(-9). Calculate the greatest common divisor of j and 312.
13
Suppose -q + 288 = 3*q. Let m = 359 + -178. Let d = m - 1. Calculate the highest common factor of d and q.
36
Suppose 45*z = -706*z + 44186 + 50440. Suppose -2*q = -2*c - 22, -c - 59 = -5*q - 0*q. What is the greatest common divisor of q and z?
6
Suppose 8*w = 5*w + 26412. Suppose -30*f + w = -106. What is the greatest common factor of 33 and f?
33
Let i = 6 + -3. Let s = -41 - -46. Suppose -24 = -d + s*j, -4*j = i*d - 37 - 92. Calculate the greatest common divisor of 26 and d.
13
Suppose -y + 437 = 60. Suppose g = 11 + 18. What is the greatest common divisor of y and g?
29
Suppose -26*x + 865 + 18 = -365. What is the highest common factor of 2508 and x?
12
Let u be (9/6 - 1) + (-60)/(-8). Suppose -u*j + 128 + 376 = 0. What is the greatest common factor of 42 and j?
21
Suppose 16*f - 10*f - 229041 = -45*f. What is the greatest common divisor of f and 54?
9
Let h = 17494 + -6933. Calculate the highest common divisor of 118 and h.
59
Suppose 5*l + 2*b - 23 = b, 17 = 2*l + 3*b. Suppose 0 = -3*n + 7*n. Suppose g = n, 69 = -h + 4*h + l*g. What is the greatest common divisor of h and 23?
23
Suppose -o = -2*t - 6, 0 = 2*o + 8*t - 10*t - 10. What is the highest common factor of o and 116?
4
Suppose 0 = 248*c - 50*c + 1517 - 8645. What is the greatest common factor of c and 162?
18
Suppose 139*u - 76 = 137*u. Suppose -122 - u = -x. What is the greatest common divisor of 20 and x?
20
Let z be 18/(-171) + 16874/19. What is the greatest common factor of z and 9102?
222
Let s(a) = -13 + 5*a - 13*a + a + 16*a**2 + a + 11. Let y be s(1). Let j = 28 - -4. Calculate the greatest common factor of y and j.
8
Let a(d) = 2*d**2 - 19*d + 3. Let j be (-6)/4*(7 + -13). Let q be a(j). Let f be (0 - (-3)/q)*-50. Calculate the greatest common divisor of 10 and f.
5
Let v be (399/19)/(1/2). What is the highest common divisor of v and 413?
7
Let z(b) = 284*b**2 + 18*b - 8. Let x be z(-3). What is the highest common factor of x and 58?
58
Suppose 21 = -14*z - 35. Let l(b) = b**2 + 6*b + 17. Let p be l(z). What is the greatest common factor of 2 and p?
1
Let a be (0 + (-7)/14)*16. Let h be ((-168)/16)/7*a. Calculate the greatest common divisor of 516 and h.
12
Let l = 21430 - 21367. Calculate the highest common divisor of l and 3647.
7
Let s be (-1)/(-3) - (-854)/3. Let m = -170 + 234. Suppose 17*n - m = 191. Calculate the highest common divisor of s and n.
15
Let d = 5758 + -5596. What is the highest common factor of 126 and d?
18
Suppose -16*j + 19*j - 1521 = 0. Let d be (-30)/(-4)*910/175. Calculate the highest common divisor of d and j.
39
Let a(z) = -2*z + 6. Let u be a(2). Suppose 3*c = -5*q + 124, -4*q + u*c = -5*q + 29. Calculate the highest common divisor of q and 138.
23
Suppose -244*b + 249*b - 33 = -c, 0 = 3*b + 2*c - 24. Calculate the highest common factor of 256 and b.
2
Let v(r) = -r**2 - 72*r - 938. Let p be v(-21). What is the greatest common factor of 70 and p?
7
Suppose 50 = m - 2*j, -6*j + 11*j = -3*m + 117. What is the highest common divisor of 1518 and m?
22
Let i(h) = 18*h**2 + h + 7. Let t(u) = -34*u**2 - 3*u - 15. Let a(w) = -11*i(w) - 6*t(w). Let r be a(-4). What is the highest common factor of 27 and r?
27
Let t be ((-65)/(-26))/((-5)/20). Let w be t + 4 + 3 + 10. What is the highest common factor of 4 and w?
1
Let p(n) = -6*n. Let v be p(-2). Let x(d) = d**3 - d**2 + d - 5. Let l be x(3). Let t = 19 - l. Calculate the highest common factor of v and t.
3
Let z be (-5)/((-40)/(-174))*28/(-21). Let j be (25 - z) + 1 + 411. Calculate the greatest common divisor of 24 and j.
24
Suppose -348*s + 14162 = 4166 - 37332. What is the highest common factor of 72 and s?
8
Suppose 4*l - 5 = -2*v - 1, -3*l + 2*v = -10. Let j = -373 - -1486. Let g = j + -1087. Calculate the highest common factor of l and g.
2
Let v(k) = 24*k**2 - 19*k - 19. Let o be v(-1). Calculate the highest common divisor of o and 8736.
24
Let b(n) = 5*n - 33. Let s be b(7). Suppose s*o - 3230 = -15*o. What is the highest common factor of 19 and o?
19
Suppose -5*i = -2*t + 86 + 69, -5*i + 145 = 2*t. Let z = 3275 + -3125. Calculate the greatest common factor of z and t.
75
Suppose 0 = -5*l - 4*k + 93, -l - 4*k - k = -6. Calculate the highest common factor of l and 1477.
7
Let l(c) = c**3 - 8*c**2 - 7*c - 7. Let j = 28 + -21. Let d be l(j). Let i = 10 - d. What is the greatest common factor of i and 23?
23
Suppose 2*x - 62 = -0*g + 3*g, 4*g + 31 = x. Suppose 3*r - 4*r = 17. Let c = r + x. What is the highest common factor of c and 70?
14
Let g(x) = 0*x - x**2 + 4*x - 7*x + 9. Let r be g(-9). Let k = r + 48. Calculate the greatest common divisor of 24 and k.
3
Let g be (9 - -11)*(34 - (-24)/6). Calculate the greatest common factor of 285 and g.
95
Let p = -604 + 1143. What is the highest common factor of 98 and p?
49
Let f(w) = -w**3 + 4*w**2 - w - 3. Let y be f(2). Suppose 6*c - y*c = 3*t - 3, 2*c = -3*t + 23. What is the highest common divisor of 290 and t?
5
Let u(a) = -9*a**2 + 57*a. Let m = 30 - 24. Let o be u(m). What is the greatest common factor of o and 198?
18
Let z be (-613740)/(-31) + -27 + (-2505)/(-93). What is the greatest common divisor of z and 76?
38
Suppose 4*a = 2*w + 39280, -6*a + w = -2*a - 39278. Suppose 14*i + 2987 = a. Calculate the highest common factor of i and 61.
61
Let w = 1871 + -2896. Let l = w + 1767. Calculate the highest common factor of l and 14.
14
Let j(m) = 2*m**3 - 3*m**2 - 3*m - 5. Let c be j(4). Let n be (12/(-5)*1)/((-368)/3220). Calculate the greatest common factor of c and n.
21
Let p be (7/(126/(-6)))/(2/(-42)). Suppose 79 - p = 6*g. Calculate the greatest common divisor of 30 and g.
6
Let i(r) = 5*r - 29. Let s(j) = 5*j - 27. Let m(y) = -4*i(y) + 5*s(y). Let n be m(6). What is the highest common factor of n and 187?
11
Suppose -195*w - 65360 = -281*w. What is the greatest common divisor of 3648 and w?
152
Suppose 4*k = -28, -2269 = 1720*v - 1721*v + k. Calculate the highest common factor of v and 312.
78
Suppose -359 = 6*a - 629. Calculate the greatest common factor of 8865 and a.
45
Let y be 76/6 - (22/(-3) - -8). Suppose y*t - 15*t - 246 = -2*i, 2*i - 238 = -t. What is the highest common factor of i and 15?
15
Let o = 33275 + -27387. Calculate the greatest common factor of 192 and o.
64
Let t be 17 - (0 - -3) - (-1 - -1). Let d = t + -9. Suppose g + 60 = 3*g + d*c, 3*g = -3*c + 90. What is the highest common divisor of 12 and g?
6
Let s be (4/8)/((15/72)/(-5)). Let z be 9*(2/s + 46/12). What is the highest common divisor of 462 and z?
33
Suppose -y = -0*y - 95. Let u be (2*-3)/((-3757)/1482 - 5/(-2)). Calculate the highest common factor of u and y.
19
Suppose 0 = 11*k - 6*k - l - 84, -4*k + 84 = 2*l. Suppose -9 - 7 = -4*s. Let y be 196 - (s/2)/(-1). Calculate the greatest common factor of y and k.
18
Let z(n) = 4*n**2 - 42*n - 26. Let g be z(11). Let h(t) = -17*t + 1. Let y be h(g). What is the highest common divisor of 23 and y?
23
Let a(j) = -6*j**3 + 2*j**2 + 7*j - 1. Let x be a(-5). Suppose -7*p - x = -4103. Let o = -243 + p. Calculate the greatest common divisor of 26 and o.
26
Let a = -12 + 32. Let b be -1*(12/(-30))/(1/5). Suppose a = -0*q + b*q. Calculate the highest common factor of q and 30.
10
Let m = 14852 + -6776. Calculate the highest common divisor of 12 and m.
12
Let z = -3 - -43. Let q(b) = b**2 - 11*b + 4. Let l be q(12). Suppose 4*m + l = 6*m. What is the highest common factor of m and z?
8
Suppose 5*u - 441 = -3*h, 0 = -2*u + 5*h + 78 + 86. Calculate the highest common factor of u and 2175.
87
Let l = -66 - -73. Suppose 0 = l*s - 9*s. Let z be 672/2*(s + 1). Calculate the highest common divisor of z and 56.
56
Suppose -7*g + 139 = 4*p - 31, -3*p + 102 = g. Let u = 3 - -2. Suppose -2*o = 4*l + 3 - 17, -u*l = 4*o - 16. Calculate the greatest common factor of l and p.
4
Let n = -44 - -19. Let v = n - -55. Let c = 140 + -95. Calculate the highest common divisor of v and c.
15
Let q(s) be the first derivative of 4*s - 11 - 2*s**2 - 3 - 1 + 0. Let t be